it of x?
1
What is the hundreds digit of (-14*(-10)/(-25))/(2/(-40))?
1
Suppose c - 6*c + 1210 = 2*q, -c - 2*q + 242 = 0. What is the hundreds digit of c?
2
What is the units digit of (3/(-2))/(12/(-40))?
5
Suppose -2*m - 2 + 24 = 0. Let i = -6 + m. Suppose 5*t + 15 = 0, 3*l - l + i*t = -1. What is the units digit of l?
7
Suppose -5 = 2*d - 7. What is the units digit of (-3)/(-1) + d + 14?
8
Let k = -90 - -130. What is the units digit of k?
0
Let o(q) = 2*q - 1. Let v be o(3). Let x(p) = 2*p**2 - 15*p + 7. Let f(c) = c**2 - 8*c + 4. Let r(t) = -5*f(t) + 3*x(t). What is the units digit of r(v)?
1
Let q(w) = 6*w + 1. What is the tens digit of q(11)?
6
Let a(b) = b**2 + b. Let z be a(1). Suppose -2*t - 8 = 2*d + z*d, 8 = -2*t + 3*d. Let n = t - -9. What is the units digit of n?
5
Let g = 3 + 0. Suppose -2*i - 32 = -2*p, -4*p + 9*i - 4*i + 68 = 0. Suppose x - p = -g*x. What is the units digit of x?
3
Suppose -3*l + 3 = 0, -4*n + 4*l - 8*l = -524. What is the units digit of n?
0
Suppose 0 = g - 4*z - 101, -3*g - 190 = -5*g - 4*z. What is the units digit of g?
7
Suppose 0 = -4*k + f + 136, -2*f = -4*k + 8*k - 136. What is the units digit of k?
4
Let i(u) = -5*u**3 + u**2 + 9*u - 6. Let s(g) = 9*g**3 - 3*g**2 - 18*g + 11. Let b(t) = 11*i(t) + 6*s(t). What is the tens digit of b(-6)?
1
Let z(l) = l**3 + 9*l**2 - l + 9. Let x be z(-9). What is the units digit of (132/x)/(4/6)?
1
Let v(q) = 3*q. Let t be v(1). Suppose -7 = -5*c + t. What is the units digit of (-6)/(-3)*(3 - c)?
2
Let r(g) = g**3 + 7*g**2 + 6*g + 5. Let x be r(-6). What is the units digit of (6/x)/(14/105)?
9
Let m = 174 + -53. What is the tens digit of m?
2
Let y be (-18)/14 - 4/(-14). Let v = 3 + y. What is the units digit of v?
2
Suppose 0 = -7*m + 2*m + 15. Suppose -3*k = -0*k + m*v - 24, 28 = 2*k + 5*v. Suppose 0 = k*y - 4. What is the units digit of y?
1
Suppose -28 = -6*t + 2*t - 4*b, 0 = -4*b + 12. What is the units digit of t?
4
Let z be (2*1)/(2 + 0). Let r be 2 - 4 - (-56)/2. Suppose -5*u + r = z. What is the units digit of u?
5
Let v(z) = -z**2 + 10*z - 8. Let t be 6/((-7)/(-4) + -1). What is the units digit of v(t)?
8
Suppose -6*g + 3*g + 9 = 0. Let f be g*(-2 + (-2)/(-2)). What is the units digit of f/(-2)*(-30)/(-9)?
5
Let g(q) = 5*q - 8. What is the units digit of g(6)?
2
Suppose 2*i + 3*m = i + 250, 0 = -4*i + 2*m + 1042. What is the units digit of i?
9
What is the units digit of -3 - -1 - 201/(-3)?
5
Let c(u) be the second derivative of u**7/630 - u**5/120 - u**4/12 + 2*u. Let o(w) be the third derivative of c(w). What is the units digit of o(-1)?
3
Let f(c) = 19*c - 10. What is the units digit of f(5)?
5
Let i = 709 + -483. What is the hundreds digit of i?
2
What is the hundreds digit of 110/1 - (-4 + 8)?
1
Suppose 3*i = 2*i - 1, 196 = z - 2*i. What is the hundreds digit of z?
1
Let y(s) = s**2 - 9*s + 13. Let l be (7 - -2)/(2 - 1). What is the tens digit of y(l)?
1
Suppose -5*o + 3*o - 5*c = -8, -o + 11 = -c. What is the units digit of o?
9
Let g(z) = -z**2 - 8*z - 3. Let w be g(-7). Suppose w = -4*n, 2*p - 3*n = 35 - 12. What is the tens digit of p?
1
Suppose 2*s + 3*r + 35 = 2*r, 3 = 3*r. Let f = s + 22. What is the units digit of f?
4
Let g(b) = -b**2 + 4*b - 2. Let o be -2*9/12*-2. Suppose -3*s = -6 - o. What is the units digit of g(s)?
1
Let j(r) = -r**2 - 8*r - 6. What is the units digit of j(-5)?
9
Let b(p) = -2*p - 10. Let h(w) = 2*w - 8. Let s be h(0). What is the units digit of b(s)?
6
Suppose -3*j = 9, -5*j + 41 = 4*k - 0*j. What is the tens digit of 621/21 - (-6)/k?
3
Let w(k) = k**2 - 2*k + 1. Let t be w(2). Suppose -29*f + 27*f = -504. What is the units digit of (t/(-3))/((-6)/f)?
4
What is the hundreds digit of (-28)/21*-127 + (-1)/3?
1
Let z(x) = 21*x**2 - x - 15. What is the units digit of z(-3)?
7
Suppose -3*k = 3*o - 6, 6*k - 5*k = 2*o - 7. Let r = o - -15. What is the units digit of r?
8
Let v = 10 - 7. Let s be (6/9)/(1/v). What is the units digit of 5 - (1 - (s + -3))?
3
Let d(o) = -3*o - 8. What is the tens digit of d(-9)?
1
Suppose 0*h + 3*h + 3*v - 42 = 0, v + 16 = h. What is the units digit of h?
5
Suppose -5*v = 4*o - 136, 0 = o + 2*o + 2*v - 102. What is the tens digit of o?
3
Let a(y) = -18*y + 1. Suppose -4 + 0 = 2*p. Let z be a(p). Suppose 4*d - 5*r + 5 = 0, -12 + z = 2*d + 3*r. What is the units digit of d?
5
Suppose 0 = 4*i + 5*b + 69, i - b + 2*b = -17. Let n = -14 - i. What is the units digit of n?
2
Suppose 36*u - 435 = 31*u. What is the units digit of u?
7
Let a be (3 - 0) + (-1 - 0). What is the units digit of -1*(-3 + a + 0)?
1
Suppose 786 = 5*f - 34. What is the tens digit of f?
6
Suppose -13 = 4*j - 0*g - g, 3*j + 21 = 3*g. Let t(s) be the first derivative of s**4/4 + 2*s**3/3 + s + 2. What is the units digit of t(j)?
1
Let r = 0 - -3. What is the units digit of (2 - 2)/r - -9?
9
Suppose -u - 4*i + 13 = -0*u, -2*i + 14 = 2*u. What is the units digit of u?
5
What is the units digit of 2/4*(1 - -1*345)?
3
Suppose 3*s + 2*h - 340 = 4*h, -3*s + 5*h = -355. Suppose 4*v + 14 = s. Suppose -3*b + v = 3*g, 5*g = 4 + 16. What is the units digit of b?
4
Suppose -4 - 16 = -x + 5*f, 0 = x + 5*f + 10. Let z = x - 2. Suppose 4*i + 5*h - 4 = 0, 3*i + 1 = -z*h + 7. What is the units digit of i?
6
Suppose 5*n = 4*n + 25. Suppose -5*j + n = -3*a, -j + 0*a - 12 = -4*a. Suppose 4*t + 0*t = j. What is the units digit of t?
2
Suppose 4*k = -4*b - 4, -3*k + b + 12 - 3 = 0. Let u = k - 0. Suppose -t + 33 = u*t. What is the tens digit of t?
1
Let u(p) = p**3 + 9*p**2 + 2*p - 7. Let c be u(-9). Let y = c + 36. Suppose -3*a + 2*a = -y. What is the units digit of a?
1
What is the units digit of (-170)/((-10)/5) - 3?
2
Let g be (18/(-15))/(2/10). What is the units digit of (-1 + (-9)/g)*8?
4
Let y(n) = 12*n**2 - 4*n + 3. Let b be y(2). Suppose 2*p - b = -11. What is the tens digit of p?
1
Let r(n) = 2*n**2 - 4*n - 12. What is the tens digit of r(-5)?
5
What is the tens digit of 91/(-39)*-54*(0 + 1)?
2
Let n(f) be the first derivative of f**2/2 + 4*f - 2. Let m be n(-2). Suppose -3 = r - m*z, 4*z = -5*r - z + 30. What is the units digit of r?
3
Suppose 533 = 3*l - 280. What is the tens digit of l?
7
Suppose 3*n = -0*n - 18. Let f = 8 + n. Suppose -3*x = f*x - 20. What is the units digit of x?
4
Let i = -19 - -16. Let a = 5 + i. What is the units digit of a?
2
Suppose 3*k + 0*y - y = 881, 4*k - 1162 = -5*y. What is the units digit of k?
3
Suppose 0 = -5*c - 3*k + 14, -2*k + 12 = 7*c - 3*c. Suppose 1 - c = -3*h. What is the units digit of h?
1
Let y = 5 - -2. Suppose 0 = -2*m + y*m - 60. What is the units digit of m?
2
Suppose 13 = 3*a + 1. Let v(p) = p**2 - 4*p + 1. Let u be v(a). Suppose 5*y - 27 = 4*j, -j + 24 = 3*y + u. What is the units digit of y?
7
Let x = -10 - -13. What is the units digit of x?
3
Suppose 5*s - 2*s - 9 = 0. Let m be 1 - -1 - 1*4. What is the units digit of (-12)/m - (s + -2)?
5
Let w(i) = -3*i + 6. Let m be w(4). What is the units digit of 8/m*-1*21?
8
Let p = -11 - -8. Let k = 1 - -5. Let x = k + p. What is the units digit of x?
3
Let u(t) = -2*t - 7. Let q be u(-5). Suppose -q*k - 123 = -3*g, 3*g + 0*g + 2*k = 133. What is the tens digit of g?
4
Suppose 3*v + 5 = 2. Let b be v/(-2) - (-10)/(-4). What is the units digit of b/(-5) - 28/(-5)?
6
Let x = -6 - -4. What is the units digit of (-29)/(-4) + x/8?
7
Let z(d) = 43*d**2 + 2*d - 1. What is the tens digit of z(1)?
4
Suppose -w + 28 = 3*w - 4*u, 0 = 3*w - u - 21. What is the units digit of w?
7
Let p be 4/(-3)*(-18)/(-12). What is the tens digit of (p/(-4))/((-12)/(-432))?
1
Let k(b) = -2*b + 25. Let i(d) = d - 13. Let s(a) = 11*i(a) + 6*k(a). Let t be s(3). Suppose -t*c + 12 = -36. What is the tens digit of c?
1
What is the tens digit of (-1)/((-4)/(-8))*(-2 - 34)?
7
Suppose 4*f + 50 - 186 = 0. Suppose c + f = -c. Let o = c - -26. What is the units digit of o?
9
Let n(o) = -o**3 + 4*o**2 - 4*o + 2. Let z be n(3). Let s(c) = -c**3 - c**2 + c + 1. Let v be s(0). Let x = v - z. What is the units digit of x?
2
Suppose 0*h + h - 3*f = 12, 3*h - 36 = 2*f. Suppose 2*q + 2 = h, 0 = -4*s + 3*q + 129. What is the tens digit of s?
3
Suppose 4*f - 3*h = 41, -28 = -3*f + 5*h - 0*h. Let z = f - 8. What is the units digit of z?
3
Let k(z) = -z**2 - 6*z - 1. What is the units digit of k(-5)?
4